3*c + 13. Let y(m) = 5*l(m) + s(m). What are the prime factors of y(6)?
5
Let d = 0 + 2. Suppose -x + 15 = d*x. Suppose -6 - 1 = s + 3*o, x*o = 3*s - 21. List the prime factors of s.
2
Let z = 122 - -102. Suppose 0*c + 9*c - 12*c = 0. Suppose z = 4*b - c*b. List the prime factors of b.
2, 7
Suppose -3*l + 2*i + 1554 = -657, 4*l - 5*i = 2941. List the prime factors of l.
739
Suppose 2*h - 2*x - 568 = 364, 4*h - 5*x - 1861 = 0. List the prime factors of h.
7, 67
Let w = -3080 + 4792. What are the prime factors of w?
2, 107
Let j be 207/2*-32*1/(-3). Suppose l = 7*l - j. What are the prime factors of l?
2, 23
Let s = 3774 + -1796. What are the prime factors of s?
2, 23, 43
Suppose 5*x - 508 - 667 = 0. Suppose -5*a + 2*a - q + 171 = 0, 4*a - q = x. List the prime factors of a.
2, 29
Suppose -4 = 3*p - 4*p. Suppose -5*h = -2*w - 235, -p*h - 2*w - 2*w = -160. What are the prime factors of h?
3, 5
Let k(x) = 3*x**2 + 41*x - 22. List the prime factors of k(11).
2, 3, 11
Let u be (0 + 2)*3/6. Let j be 4 + (1 - (u + 0)). Suppose -o - 2*b - 132 = -5*o, -5*o = -j*b - 171. List the prime factors of o.
31
Suppose 0 = -15*v + 19*v - 12. List the prime factors of (9 + 1 - v)*(-30)/(-21).
2, 5
Let p = 927 - 363. What are the prime factors of p?
2, 3, 47
List the prime factors of (32/2)/((-3)/105*-1).
2, 5, 7
Let b(s) = -2*s - 2. Let t be b(-6). Suppose 4*w = -t + 6. Let c = w + 7. What are the prime factors of c?
2, 3
Let x be 65/(-2)*24/(-15). Suppose 88 = y + 4*w, 2*y - 4*w - 81 = 155. Let k = y - x. What are the prime factors of k?
2, 7
Let a be (4/5)/(6/(1 + -391)). Let g(k) = -15*k**2 - 2*k + 1. Let s be g(1). Let h = s - a. List the prime factors of h.
2, 3
Suppose -3*f = 5*s + f - 84, -3 = -3*f. Let b = -11 + s. List the prime factors of b.
5
Let m(p) = 140*p**2 + 41*p - 236. What are the prime factors of m(5)?
3469
Let g(n) = n**2 - n + 3. Let r be g(3). Suppose -30 + r = -3*v. List the prime factors of v.
7
Suppose 4*k + 5 = 2*r - 19, -4*r + 3*k + 38 = 0. Suppose 4*p + 3*u - 114 = 0, r*p - 4*p - 112 = -2*u. Suppose p - 77 = -2*a. What are the prime factors of a?
5
Let u(x) = -49*x - 52. What are the prime factors of u(-12)?
2, 67
Let i = -623 - -342. Let o = i - -519. Suppose 4*u - o = -66. What are the prime factors of u?
43
Let y(q) = 2*q**2 - 38. Let v be y(0). Let r = v + 135. List the prime factors of r.
97
Suppose 15 = -0*s + 4*s + 3*a, -3*s = -5*a - 4. Suppose s*c + 0*c = 21. Let j = c + 26. List the prime factors of j.
3, 11
Suppose 4*b + 1 = 5. Let p(d) = d**3 + 21*d**2 - 4*d - 41. Let q be p(-21). Suppose 2*f - q = b. List the prime factors of f.
2, 11
Suppose -175 = -5*b - 70. Suppose 2*u - 49 = b. List the prime factors of u.
5, 7
Let p = 676 + -355. Suppose -3*i + 945 - p = 0. Suppose 4*b - y + 2*y = i, 2*b - 4*y = 122. What are the prime factors of b?
53
Let q be 50*-6*(-2)/8. What are the prime factors of (-3)/(-4) - q/(-12)?
7
Let p be (-1*3 - (3 + -47))*-2. Let x = -8 - p. What are the prime factors of x?
2, 37
Suppose k + 4*k - 35 = 0. Let j(q) = q**3 - 6*q**2 - 6*q - 9. Let v be j(k). Let w(f) = -6*f + 1. What are the prime factors of w(v)?
13
Let q be (18 - 3)*9/27. Suppose -3*p = 9, q*o + 191 = -2*p + 840. List the prime factors of o.
131
Suppose 3*f - 2745 = 3*z, -5*f + 1298 = 2*z - 3305. What are the prime factors of f?
919
Suppose 68*t - 164125 = 172407. What are the prime factors of t?
7, 101
Let s(v) = -2*v**2 - 42*v + 33. Let h = 61 - 82. List the prime factors of s(h).
3, 11
Let p(u) = 141*u + 433. What are the prime factors of p(16)?
2689
Suppose 25*u = 28*u - 3495. What are the prime factors of u?
5, 233
Let p(a) = -2*a**3 - 4*a**2 + 7*a + 21. Let r be p(-6). Suppose -219 = 264*b - r*b. List the prime factors of b.
73
Let b(p) = p**2 - 20*p + 54. Suppose -41*y = -40*y - 24. List the prime factors of b(y).
2, 3, 5
Suppose -3*o - o + 16 = 0. Suppose 0*q = 4*a - q - 15, 5 = 5*a - o*q. Suppose a*r - 159 - 16 = 0. List the prime factors of r.
5, 7
What are the prime factors of ((-6)/(-12))/((-2)/(-1632))?
2, 3, 17
Let g(r) = r**3 - r**2 - r + 19. Let b be g(0). Suppose b*m - 23*m = 0. Suppose 0 = -5*d - m*d + 15, a + d - 22 = 0. List the prime factors of a.
19
Suppose 11*c = -y + 9*c + 1217, 4*y = -2*c + 4850. List the prime factors of y.
7, 173
Let q = 139 - 133. Suppose 4*g - 1180 = -5*k, q*g = 4*g. List the prime factors of k.
2, 59
Suppose -2*v + 3 = -7. Suppose v*u + 2*x = -x + 117, -19 = -u - 5*x. List the prime factors of u.
2, 3
Let u = 70 + -51. Suppose -16*k + u*k = 147. List the prime factors of k.
7
Let v(a) = -a + 10. Let d be v(6). Suppose -d*y + 8*y - 24 = 0. Suppose y = 3*n - 21. What are the prime factors of n?
3
List the prime factors of (-4)/(-7) + (-10352)/(-14).
2, 5, 37
Let n = -654 + 956. Suppose -3*v + 0*t - n = 4*t, -4*v = -5*t + 444. Let d = -72 - v. List the prime factors of d.
2, 17
Suppose -7*k = -2*k - 25. Suppose 2*m = 5*z + 9, 0 = -k*m - 0*z + 3*z + 70. What are the prime factors of m?
17
Let c = 10 - 8. Suppose -4*u = c*a - 5 - 5, 0 = u - 2*a. Suppose -3*b = 3*w - 69, u*w = -3*b + 4*b + 46. List the prime factors of w.
23
Suppose 3847 = 5*t - 3*i, 3*i - 8*i + 1545 = 2*t. List the prime factors of t.
2, 5, 7, 11
Let w(x) = 2*x**2 + 3*x - 7. Let f be w(2). Suppose -2*i + 131 = -5*a, 2*a - 79 = 6*i - f*i. List the prime factors of i.
73
Let a = -34 - -37. Suppose -a*d = -5*g + 9*g - 825, -g = 4*d - 1100. What are the prime factors of d?
5, 11
Suppose 0 = -2*r - 12 - 226. Let h = -52 - r. Suppose -h = -2*w + 3. List the prime factors of w.
5, 7
Suppose 0 = 56*r - 65960 - 8744. List the prime factors of r.
2, 23, 29
Let h(d) = -d**3 - 13*d**2 + 24*d + 373. What are the prime factors of h(-17)?
19, 59
Suppose -63 = -2*m + 3*b, -m + 2*b = 4*m - 152. Suppose 0 = 5*g - 5*h + m, -h = -3*g - 7 - 5. What are the prime factors of (-3 - 3)/(g/20)?
2, 5
Let k be (80/(-15))/(2/(-36)) - -1. Suppose 4*h + k - 861 = 0. List the prime factors of h.
191
Suppose -q + s + 880 = 0, 4*q + s = -365 + 3870. What are the prime factors of q?
877
Suppose -3*u = -3*s - 672 + 3567, -973 = -s + 3*u. List the prime factors of s.
31
Let g(m) = 2*m. Let p be g(-1). Let a(d) = 13*d**2 + 4*d + 4. Let h be a(p). Suppose 10*t - h = 8*t. What are the prime factors of t?
2, 3
Let u(p) = -3*p**3 - 115 + 115. Let x be u(-1). Suppose z - 104 = -x*z. What are the prime factors of z?
2, 13
Let p(l) = 10*l + 0*l**2 - 6 - l**2 - 2. List the prime factors of p(6).
2
List the prime factors of (4 - 2)/2 - (-455 + -5).
461
Let s(x) = x**3 - x**2 - x + 8. Let r be s(0). Suppose 9*f + 3*f + 12 = 0. Let m = r + f. List the prime factors of m.
7
Let y be 1/7 - 48/(-7). Suppose -12*d + 405 = -y*d. What are the prime factors of d?
3
Suppose -414 = -v + 4*u, 2*v = -3*u + 879 - 7. List the prime factors of v.
2, 5, 43
Let m(i) = -i**3 + i - 4. Let z = -38 + 36. List the prime factors of m(z).
2
Let r = 40 - 38. Suppose -r*a + 5*a - 108 = 0. What are the prime factors of a?
2, 3
Suppose 4*s + 2*z + 304 = 5*s, 0 = -5*s - 5*z + 1490. What are the prime factors of s?
2, 3, 5
Let p(i) = -i**3 + 8*i**2 + 8*i + 12. Let m be p(9). Suppose 0 = -8*y + m*y + 275. What are the prime factors of y?
5, 11
Suppose 3120 + 1290 = 7*r. List the prime factors of r.
2, 3, 5, 7
Suppose 4*o + 2 = 5*o. Suppose b - 6*b + 3*x = -193, 2*b - 78 = o*x. Suppose -5*y + 95 = -h - 2*h, 2*y - b = -5*h. What are the prime factors of y?
19
Let k(m) = 26*m + 98. List the prime factors of k(12).
2, 5, 41
Suppose -5*b = -3 + 298. Let g = b - -78. What are the prime factors of g?
19
Let g(o) = o**3 - 14*o**2 - 8*o - 9. Let t be (-2)/(-4 - 232/(-60)). What are the prime factors of g(t)?
2, 3
Let o = 6 - 2. Suppose 2*i + o*g = -2*i - 2520, -2*g - 3156 = 5*i. What are the prime factors of i/(-88) - (-2)/(-11)?
7
Suppose -34*u + 1040 = -33*u. Suppose u = -7*r + 12*r. What are the prime factors of r?
2, 13
Let i = -5 + 10. Let u be i + (0 - -3) + -6. What are the prime factors of 35 - u - (-3 - -3)?
3, 11
Let j be -4 + 1 + -2 + 1. Let g = j - -39. List the prime factors of g.
5, 7
Let s = 788 + -328. Suppose 33 = 19*j - 81. List the prime factors of 4/j - s/(-12).
3, 13
Let l = 52 + -50. Suppose z + 87 = 2*d, l*d - z = z + 88. What are the prime factors of d?
43
Suppose 5*z - 3011 = -2*a + 213